35389 and 693?
231
What is the highest common divisor of 2112 and 485056?
704
What is the highest common divisor of 14440 and 1360?
40
What is the greatest common factor of 333 and 30141?
9
Calculate the highest common factor of 175745 and 45.
5
Calculate the greatest common factor of 645708 and 24.
12
Calculate the greatest common factor of 246200 and 1600.
200
Calculate the greatest common factor of 2080309 and 154.
77
Calculate the highest common divisor of 491938 and 892.
446
What is the highest common divisor of 570 and 7530?
30
Calculate the greatest common factor of 290184 and 214.
214
Calculate the greatest common factor of 111274 and 1722.
82
What is the greatest common factor of 131432 and 308?
28
What is the highest common divisor of 120750 and 336?
42
Calculate the greatest common divisor of 24764 and 492.
164
What is the highest common divisor of 171652 and 2132?
52
Calculate the highest common divisor of 114125 and 605.
55
Calculate the highest common factor of 35682 and 114.
114
What is the greatest common factor of 18 and 232272?
18
What is the highest common divisor of 189234 and 144?
18
Calculate the highest common divisor of 2056 and 213310.
514
Calculate the highest common factor of 2770 and 40.
10
Calculate the greatest common factor of 582 and 6208.
194
What is the greatest common divisor of 178 and 3810446?
178
Calculate the highest common factor of 16 and 10092.
4
Calculate the greatest common divisor of 72 and 1096.
8
What is the greatest common factor of 648 and 1773?
9
What is the greatest common divisor of 17375 and 24875?
125
What is the highest common divisor of 816 and 5040?
48
What is the highest common divisor of 763800 and 1200?
600
What is the greatest common factor of 66725 and 2805?
85
What is the greatest common divisor of 38254 and 62?
62
What is the greatest common divisor of 7546 and 39347?
539
What is the highest common divisor of 449709 and 1352?
169
Calculate the greatest common divisor of 118381 and 23.
23
Calculate the highest common factor of 77 and 345590.
7
Calculate the greatest common divisor of 912 and 2771112.
456
What is the greatest common factor of 124371 and 39?
39
Calculate the highest common factor of 600 and 185676.
12
What is the greatest common factor of 652 and 190058?
326
Calculate the highest common divisor of 2221927 and 895.
179
What is the highest common divisor of 981 and 76191?
327
Calculate the greatest common factor of 40 and 62360.
40
Calculate the greatest common divisor of 13 and 180739.
13
What is the highest common factor of 335 and 1074412?
67
Calculate the highest common divisor of 19 and 194807.
19
What is the highest common factor of 69 and 973360?
23
Calculate the highest common factor of 53909 and 89466.
1147
What is the highest common divisor of 199704 and 2862?
318
Calculate the highest common divisor of 48 and 1805940.
12
What is the highest common divisor of 499667 and 2296?
287
Calculate the greatest common factor of 20884 and 1135.
227
Calculate the highest common factor of 726111 and 27.
27
What is the greatest common divisor of 10 and 430?
10
Calculate the greatest common divisor of 95 and 905.
5
Calculate the greatest common factor of 40936 and 1054.
34
Calculate the greatest common factor of 2971966 and 734.
734
Calculate the highest common divisor of 1261986 and 2.
2
What is the greatest common factor of 3345 and 1307226?
669
Calculate the highest common factor of 729882 and 4644.
774
What is the greatest common divisor of 8935254 and 402?
402
Calculate the highest common divisor of 22755 and 5.
5
Calculate the greatest common divisor of 1287 and 2717.
143
Calculate the greatest common factor of 2010 and 582.
6
What is the greatest common divisor of 6592 and 124?
4
Calculate the greatest common factor of 594304 and 384.
128
Calculate the greatest common divisor of 4032 and 138.
6
Calculate the highest common divisor of 5075 and 3248.
203
Calculate the highest common factor of 49 and 7161.
7
What is the greatest common factor of 522 and 6894?
18
Calculate the highest common divisor of 3152 and 1773.
197
Calculate the highest common divisor of 2772 and 25452.
252
Calculate the highest common divisor of 96 and 1956.
12
What is the highest common divisor of 14 and 4940278?
14
Calculate the highest common factor of 10680 and 8.
8
What is the highest common divisor of 21056 and 20398?
658
What is the highest common divisor of 10045 and 45080?
245
Calculate the greatest common divisor of 142 and 43523.
71
What is the greatest common divisor of 11594 and 992?
62
What is the greatest common factor of 37737 and 567?
63
What is the greatest common divisor of 10114 and 1222?
26
What is the greatest common divisor of 8408 and 184?
8
Calculate the greatest common factor of 48 and 192084.
12
What is the greatest common factor of 2088 and 1752?
24
Calculate the greatest common divisor of 1844629 and 479.
479
Calculate the greatest common factor of 8020 and 336038.
802
Calculate the highest common factor of 17238 and 1092.
78
What is the highest common factor of 17995 and 1525?
305
Calculate the greatest common factor of 1012 and 150006.
46
Calculate the greatest common factor of 4606 and 2914.
94
What is the greatest common factor of 133 and 4864?
19
Calculate the highest common factor of 1076224 and 27326.
2102
Calculate the highest common factor of 20 and 226190.
10
What is the highest common factor of 156 and 78?
78
What is the highest common divisor of 490 and 205800?
490
What is the highest common divisor of 218600 and 200?
200
Calculate the greatest common divisor of 16637 and 7205.
131
What is the highest common factor of 118459 and 297?
11
What is the highest common divisor of 4573 and 69671?
269
Calculate the greatest common factor of 975954 and 114.
114
What is the greatest common divisor of 420 and 25410?
210
Calculate the highest common divisor of 197235 and 675.
135
Calculate the greatest common factor of 377320 and 30.
10
Calculate the greatest common divisor of 45 and 23655285.
45
What is the highest common factor of 13345 and 19939?
157
Calculate the greatest common factor of 36684 and 99.
9
What is the highest common divisor of 248 and 2586764?
124
Calculate the highest common divisor of 260 and 43390.
10
Calculate the highest common factor of 33764 and 713.
23
What is the highest common factor of 1375 and 1675?
25
Calculate the highest common factor of 405 and 125.
5
What is the greatest common factor of 1330 and 9538?
38
Calculate the greatest common divisor of 326536 and 112.
56
Calculate the greatest common factor of 149725 and 371.
53
What is the highest common divisor of 7291 and 1679?
23
Calculate the greatest common divisor of 6003 and 7935.
69
Calculate the highest common divisor of 6324321 and 543.
543
Calculate the greatest common divisor of 209946 and 572.
22
What is the highest common divisor of 5207 and 2032?
127
Calculate the highest common factor of 644 and 1484.
28
What is the greatest common factor of 2946102 and 8987?
817
What is the highest common factor of 712 and 135458?
178
Calculate the greatest common factor of 7605 and 33795.
45
Calculate the greatest common divisor of 257 and 1415299.
257
What is the highest common factor of 18090 and 710?
10
What is the greatest common factor of 38 and 617196?
38
What is the highest common factor of 99 and 22803?
33
Calculate the highest common divisor of 388 and 108834.
194
Calculate the greatest common factor of 35182 and 1795.
359
Calculate the highest common factor of 3488 and 2071.
109
Calculate the greatest common divisor of 2920 and 13220.
20
What is the greatest common divisor of 15370 and 116?
58
Calculate the highest common divisor of 21534 and 50394.
222
Calculate the greatest common divisor of 99115 and 430.
215
What is the highest common factor of 1943 and 12529?
67
What is the highest common factor of 88585 and 105?
35
Calculate the greatest common divisor of 17660 and 4.
4
Calculate the greatest common factor of 47871 and 972.
243
What is the highest common divisor of 3003 and 170709?
231
Calculate the highest common divisor of 52752 and 240.
48
Calculate the greatest common divisor of 918 and 5616.
54
What is the highest common factor of 86553 and 10089?
531
What is th